[INFO] fetching crate actix-state-guards 0.1.0...
[INFO] checking actix-state-guards-0.1.0 against master#e6e4f7ed1589e03bc2f6c5931c1a72e7947e8682 for beta-170-4
[INFO] extracting crate actix-state-guards 0.1.0 into /workspace/builds/worker-1-tc2/source
[INFO] validating manifest of crates.io crate actix-state-guards 0.1.0 on toolchain e6e4f7ed1589e03bc2f6c5931c1a72e7947e8682
[INFO] running `Command { std: CARGO_HOME="/workspace/cargo-home" RUSTUP_HOME="/workspace/rustup-home" "/workspace/cargo-home/bin/cargo" "+e6e4f7ed1589e03bc2f6c5931c1a72e7947e8682" "metadata" "--manifest-path" "Cargo.toml" "--no-deps", kill_on_drop: false }`
[INFO] started tweaking crates.io crate actix-state-guards 0.1.0
[INFO] finished tweaking crates.io crate actix-state-guards 0.1.0
[INFO] tweaked toml for crates.io crate actix-state-guards 0.1.0 written to /workspace/builds/worker-1-tc2/source/Cargo.toml
[INFO] crate crates.io crate actix-state-guards 0.1.0 already has a lockfile, it will not be regenerated
[INFO] running `Command { std: CARGO_HOME="/workspace/cargo-home" RUSTUP_HOME="/workspace/rustup-home" "/workspace/cargo-home/bin/cargo" "+e6e4f7ed1589e03bc2f6c5931c1a72e7947e8682" "fetch" "--manifest-path" "Cargo.toml", kill_on_drop: false }`
[INFO] running `Command { std: "docker" "create" "-v" "/var/lib/crater-agent-workspace/builds/worker-1-tc2/target:/opt/rustwide/target:rw,Z" "-v" "/var/lib/crater-agent-workspace/builds/worker-1-tc2/source:/opt/rustwide/workdir:ro,Z" "-v" "/var/lib/crater-agent-workspace/cargo-home:/opt/rustwide/cargo-home:ro,Z" "-v" "/var/lib/crater-agent-workspace/rustup-home:/opt/rustwide/rustup-home:ro,Z" "-e" "SOURCE_DIR=/opt/rustwide/workdir" "-e" "CARGO_TARGET_DIR=/opt/rustwide/target" "-e" "CARGO_HOME=/opt/rustwide/cargo-home" "-e" "RUSTUP_HOME=/opt/rustwide/rustup-home" "-w" "/opt/rustwide/workdir" "-m" "1610612736" "--user" "0:0" "--network" "none" "ghcr.io/rust-lang/crates-build-env/linux@sha256:19e73879b68f455e41552ea35293514db52ea292d993f571636dbffedb77a1ee" "/opt/rustwide/cargo-home/bin/cargo" "+e6e4f7ed1589e03bc2f6c5931c1a72e7947e8682" "metadata" "--no-deps" "--format-version=1", kill_on_drop: false }`
[INFO] [stdout] 395958f3f883678a741e459f8de7ba9cc39b89947051fb35fecabf03917d1fd8
[INFO] running `Command { std: "docker" "start" "-a" "395958f3f883678a741e459f8de7ba9cc39b89947051fb35fecabf03917d1fd8", kill_on_drop: false }`
[INFO] running `Command { std: "docker" "inspect" "395958f3f883678a741e459f8de7ba9cc39b89947051fb35fecabf03917d1fd8", kill_on_drop: false }`
[INFO] running `Command { std: "docker" "rm" "-f" "395958f3f883678a741e459f8de7ba9cc39b89947051fb35fecabf03917d1fd8", kill_on_drop: false }`
[INFO] [stdout] 395958f3f883678a741e459f8de7ba9cc39b89947051fb35fecabf03917d1fd8
[INFO] running `Command { std: "docker" "create" "-v" "/var/lib/crater-agent-workspace/builds/worker-1-tc2/target:/opt/rustwide/target:rw,Z" "-v" "/var/lib/crater-agent-workspace/builds/worker-1-tc2/source:/opt/rustwide/workdir:ro,Z" "-v" "/var/lib/crater-agent-workspace/cargo-home:/opt/rustwide/cargo-home:ro,Z" "-v" "/var/lib/crater-agent-workspace/rustup-home:/opt/rustwide/rustup-home:ro,Z" "-e" "SOURCE_DIR=/opt/rustwide/workdir" "-e" "CARGO_TARGET_DIR=/opt/rustwide/target" "-e" "CARGO_INCREMENTAL=0" "-e" "RUST_BACKTRACE=full" "-e" "RUSTFLAGS=--cap-lints=forbid" "-e" "RUSTDOCFLAGS=--cap-lints=forbid" "-e" "CARGO_HOME=/opt/rustwide/cargo-home" "-e" "RUSTUP_HOME=/opt/rustwide/rustup-home" "-w" "/opt/rustwide/workdir" "-m" "1610612736" "--user" "0:0" "--network" "none" "ghcr.io/rust-lang/crates-build-env/linux@sha256:19e73879b68f455e41552ea35293514db52ea292d993f571636dbffedb77a1ee" "/opt/rustwide/cargo-home/bin/cargo" "+e6e4f7ed1589e03bc2f6c5931c1a72e7947e8682" "check" "--frozen" "--all" "--all-targets" "--message-format=json", kill_on_drop: false }`
[INFO] [stdout] fffcf7252dee979b5fb9dca10c9cf2a13fbbf2a79640529841aeee1675a030e4
[INFO] running `Command { std: "docker" "start" "-a" "fffcf7252dee979b5fb9dca10c9cf2a13fbbf2a79640529841aeee1675a030e4", kill_on_drop: false }`
[INFO] [stderr]    Compiling libc v0.2.139
[INFO] [stderr]     Checking pin-project-lite v0.2.9
[INFO] [stderr]    Compiling log v0.4.17
[INFO] [stderr]    Compiling futures-core v0.3.26
[INFO] [stderr]    Compiling parking_lot_core v0.9.7
[INFO] [stderr]     Checking bytes v1.4.0
[INFO] [stderr]     Checking smallvec v1.10.0
[INFO] [stderr]     Checking once_cell v1.17.0
[INFO] [stderr]    Compiling typenum v1.16.0
[INFO] [stderr]     Checking itoa v1.0.5
[INFO] [stderr]    Compiling futures-task v0.3.26
[INFO] [stderr]    Compiling proc-macro2 v1.0.51
[INFO] [stderr]    Compiling lock_api v0.4.9
[INFO] [stderr]    Compiling tokio v1.25.0
[INFO] [stderr]    Compiling generic-array v0.14.6
[INFO] [stderr]    Compiling futures-util v0.3.26
[INFO] [stderr]     Checking pin-utils v0.1.0
[INFO] [stderr]     Checking futures-sink v0.3.26
[INFO] [stderr]    Compiling unicode-ident v1.0.6
[INFO] [stderr]     Checking tracing-core v0.1.30
[INFO] [stderr]    Compiling quote v1.0.23
[INFO] [stderr]    Compiling serde v1.0.152
[INFO] [stderr]    Compiling paste v1.0.11
[INFO] [stderr]    Compiling slab v0.4.7
[INFO] [stderr]    Compiling indexmap v1.9.2
[INFO] [stderr]    Compiling syn v1.0.107
[INFO] [stderr]     Checking local-waker v0.1.3
[INFO] [stderr]    Compiling ahash v0.7.6
[INFO] [stderr]     Checking ppv-lite86 v0.2.17
[INFO] [stderr]     Checking actix-utils v3.0.1
[INFO] [stderr]     Checking aho-corasick v0.7.20
[INFO] [stderr]     Checking tracing v0.1.37
[INFO] [stderr]     Checking http v0.2.8
[INFO] [stderr]     Checking bytestring v1.2.0
[INFO] [stderr]     Checking unicode-bidi v0.3.10
[INFO] [stderr]     Checking cpufeatures v0.2.5
[INFO] [stderr]    Compiling convert_case v0.4.0
[INFO] [stderr]    Compiling serde_json v1.0.93
[INFO] [stderr]     Checking regex-syntax v0.6.28
[INFO] [stderr]     Checking ryu v1.0.12
[INFO] [stderr]     Checking encoding_rs v0.8.32
[INFO] [stderr]     Checking time-core v0.1.0
[INFO] [stderr]     Checking mime v0.3.16
[INFO] [stderr]     Checking base64 v0.21.0
[INFO] [stderr]     Checking idna v0.3.0
[INFO] [stderr]     Checking socket2 v0.4.7
[INFO] [stderr]     Checking mio v0.8.5
[INFO] [stderr]     Checking signal-hook-registry v1.4.1
[INFO] [stderr]     Checking getrandom v0.2.8
[INFO] [stderr]     Checking parking_lot v0.12.1
[INFO] [stderr]     Checking num_cpus v1.15.0
[INFO] [stderr]     Checking actix-service v2.0.2
[INFO] [stderr]     Checking rand_core v0.6.4
[INFO] [stderr]     Checking language-tags v0.3.2
[INFO] [stderr]     Checking httpdate v1.0.2
[INFO] [stderr]     Checking url v2.3.1
[INFO] [stderr]     Checking time v0.3.17
[INFO] [stderr]     Checking rand_chacha v0.3.1
[INFO] [stderr]     Checking rand v0.8.5
[INFO] [stderr]     Checking crypto-common v0.1.6
[INFO] [stderr]     Checking block-buffer v0.10.3
[INFO] [stderr]     Checking local-channel v0.1.3
[INFO] [stderr]     Checking digest v0.10.6
[INFO] [stderr]     Checking sha1 v0.10.5
[INFO] [stderr]     Checking regex v1.7.1
[INFO] [stderr]     Checking serde_urlencoded v0.7.1
[INFO] [stderr]     Checking actix-router v0.5.1
[INFO] [stderr]    Compiling derive_more v0.99.17
[INFO] [stderr]     Checking tokio-util v0.7.7
[INFO] [stderr]     Checking actix-rt v2.8.0
[INFO] [stderr]     Checking actix-server v2.2.0
[INFO] [stderr]     Checking h2 v0.3.15
[INFO] [stderr]     Checking actix-codec v0.5.0
[INFO] [stderr]     Checking actix-http v3.3.0
[INFO] [stderr]     Checking actix-web v4.3.0
[INFO] [stderr]     Checking actix-state-guards v0.1.0 (/opt/rustwide/workdir)
[INFO] [stdout] error[E0432]: unresolved import `actix_web::get`
[INFO] [stdout]   --> examples/counter.rs:10:17
[INFO] [stdout]    |
[INFO] [stdout] 10 | use actix_web::{get, web};
[INFO] [stdout]    |                 ^^^ no `get` in the root
[INFO] [stdout] 
[INFO] [stdout] 
[INFO] [stdout] error[E0433]: failed to resolve: could not find `main` in `actix_web`
[INFO] [stdout]   --> examples/counter.rs:30:14
[INFO] [stdout]    |
[INFO] [stdout] 30 | #[actix_web::main]
[INFO] [stdout]    |              ^^^^ could not find `main` in `actix_web`
[INFO] [stdout] 
[INFO] [stdout] 
[INFO] [stdout] error: cannot determine resolution for the attribute macro `get`
[INFO] [stdout]   --> examples/counter.rs:23:3
[INFO] [stdout]    |
[INFO] [stdout] 23 | #[get("/count")]
[INFO] [stdout]    |   ^^^
[INFO] [stdout]    |
[INFO] [stdout]    = note: import resolution is stuck, try simplifying macro imports
[INFO] [stdout] 
[INFO] [stdout] 
[INFO] [stdout] error[E0277]: the trait bound `fn(Data<Mutex<u32>>) -> impl std::future::Future<Output = impl Responder> {count}: HttpServiceFactory` is not satisfied
[INFO] [stdout]    --> examples/counter.rs:45:40
[INFO] [stdout]     |
[INFO] [stdout] 45  |                 web::scope("").service(count),
[INFO] [stdout]     |                                ------- ^^^^^ the trait `HttpServiceFactory` is not implemented for fn item `fn(Data<Mutex<u32>>) -> impl std::future::Future<Output = impl Responder> {count}`
[INFO] [stdout]     |                                |
[INFO] [stdout]     |                                required by a bound introduced by this call
[INFO] [stdout]     |
[INFO] [stdout]     = help: the following other types implement trait `HttpServiceFactory`:
[INFO] [stdout]               (A, B)
[INFO] [stdout]               (A, B, C)
[INFO] [stdout]               (A, B, C, D)
[INFO] [stdout]               (A, B, C, D, E)
[INFO] [stdout]               (A, B, C, D, E, F)
[INFO] [stdout]               (A, B, C, D, E, F, G)
[INFO] [stdout]               (A, B, C, D, E, F, G, H)
[INFO] [stdout]               (A, B, C, D, E, F, G, H, I)
[INFO] [stdout]             and 8 others
[INFO] [stdout] note: required by a bound in `actix_web::Scope::<T>::service`
[INFO] [stdout]    --> /opt/rustwide/cargo-home/registry/src/index.crates.io-6f17d22bba15001f/actix-web-4.3.0/src/scope.rs:235:12
[INFO] [stdout]     |
[INFO] [stdout] 233 |     pub fn service<F>(mut self, factory: F) -> Self
[INFO] [stdout]     |            ------- required by a bound in this associated function
[INFO] [stdout] 234 |     where
[INFO] [stdout] 235 |         F: HttpServiceFactory + 'static,
[INFO] [stdout]     |            ^^^^^^^^^^^^^^^^^^ required by this bound in `Scope::<T>::service`
[INFO] [stdout] 
[INFO] [stdout] 
[INFO] [stdout] error[E0752]: `main` function is not allowed to be `async`
[INFO] [stdout]   --> examples/counter.rs:31:1
[INFO] [stdout]    |
[INFO] [stdout] 31 | async fn main() -> Result<(), Box<dyn std::error::Error>> {
[INFO] [stdout]    | ^^^^^^^^^^^^^^^^^^^^^^^^^^^^^^^^^^^^^^^^^^^^^^^^^^^^^^^^^ `main` function is not allowed to be `async`
[INFO] [stdout] 
[INFO] [stdout] 
[INFO] [stdout] error: aborting due to 5 previous errors
[INFO] [stdout] 
[INFO] [stdout] 
[INFO] [stdout] Some errors have detailed explanations: E0277, E0432, E0433, E0752.
[INFO] [stdout] 
[INFO] [stdout] For more information about an error, try `rustc --explain E0277`.
[INFO] [stdout] 
[INFO] [stderr] error: could not compile `actix-state-guards` (example "counter") due to 6 previous errors
[INFO] running `Command { std: "docker" "inspect" "fffcf7252dee979b5fb9dca10c9cf2a13fbbf2a79640529841aeee1675a030e4", kill_on_drop: false }`
[INFO] running `Command { std: "docker" "rm" "-f" "fffcf7252dee979b5fb9dca10c9cf2a13fbbf2a79640529841aeee1675a030e4", kill_on_drop: false }`
[INFO] [stdout] fffcf7252dee979b5fb9dca10c9cf2a13fbbf2a79640529841aeee1675a030e4
